f (h - 4) + 2/1?
7
Let r(z) = 13*z**2 - 2*z + 1. What is the units digit of r(2)?
9
Let b(c) = c**3 + 11*c**2 - c - 3. Let k(h) = h**3 + 2*h**2 + 2*h + 4. Let g be k(-3). What is the units digit of b(g)?
8
Let y(l) = -186*l + 3. What is the tens digit of y(-1)?
8
Let x = -24 + 97. What is the units digit of x?
3
Let i = -9 + 19. Let q(n) = n - 4. Let z be q(i). What is the units digit of ((-2)/4)/(z/(-12))?
1
What is the tens digit of 273/9 - 4/(-6)?
3
Let d be 2 + -1*(-1 + 1). Suppose 3*i - 2*i = d. Suppose s = 2*z + 5*s - 20, -i*s = -8. What is the units digit of z?
2
Let c = 121 + -62. What is the tens digit of c?
5
Let i be (-6)/9*(-6 - 0). Suppose 3*x + i*l - 24 = -x, 4*x - 21 = -l. What is the units digit of x?
5
Let l(i) = i + 7. Let z = -6 + 10. Let t = -9 + z. What is the units digit of l(t)?
2
Suppose 3*n - 1 = -3*u + 2, -5*u + 4*n = 13. What is the units digit of 1/u*(2 + -3)?
1
Suppose 304 = 5*f - 4*r, 2*f + 4 - 129 = 5*r. Let d = 86 - f. What is the tens digit of d?
2
Let a(s) = s**2 - 11*s + 6. Let q(w) = -w**2 - 8*w + 11. Let t be q(-8). Let y be a(t). Let d = y + -2. What is the units digit of d?
4
Let a be (-14)/49 + 4/14. Suppose -f - 14 + 40 = a. What is the units digit of ((-4)/(-4))/(2/f)?
3
Suppose -509 = -4*s - 5*f, s - f = -6*f + 131. What is the tens digit of s?
2
Suppose -2 = -o - 11. Let l = 3 + o. Let m = l + 8. What is the units digit of m?
2
Suppose -3*h - 30 + 228 = 0. What is the tens digit of h?
6
Let p(g) be the first derivative of -g**2/2 + 3*g - 1. Let c be p(6). Let w = c - -11. What is the units digit of w?
8
Suppose -3*v = -65 + 5. Suppose v = -2*x - 0*x. Let m = 27 + x. What is the units digit of m?
7
Let v be (-1)/2 + (-15)/(-6). Suppose d = j - v*d - 1, -4*d = -j + 1. Let c = 6 - j. What is the units digit of c?
5
Let p be (2/4)/(18/144). Suppose 0 = -p*u + 11 + 21. What is the units digit of u?
8
Suppose 2*s = 10*s - 568. What is the tens digit of s?
7
Let m(t) = -t**3 + 2*t**2 + t + 4. Let r be m(3). Let v = r - -7. What is the units digit of v?
5
Let p(z) = 4*z - 6*z + 5*z**2 + 0*z + 6*z - 5. What is the units digit of p(3)?
2
Suppose -d + 3*h = 15, 0 = 2*d + d - 4*h + 20. Let c(k) = k**3 + 6*k**2 - 7*k + 3. Let b be c(-7). Suppose -u - b*u + 40 = d. What is the tens digit of u?
1
Suppose 4 = -k + 6. Suppose -4*v = -k*q - 64, 22 + 2 = 2*v + 3*q. Let x = -9 + v. What is the units digit of x?
6
Let p be (-2)/8 - (-5)/20. Suppose 5*l + 0*m - 77 = 4*m, 5*m - 10 = p. What is the units digit of l?
7
Suppose 4 = c - 0*c + 2*x, 0 = c + 3*x. What is the units digit of (-129)/(-4) - 3/c?
2
Suppose 185 = 5*q + r + 2*r, 2*q - 5*r = 74. Let b = q + -18. What is the units digit of b?
9
Let r(o) = -7*o - 1. Let k(i) = -i. Suppose 5*g = g - j - 18, -2*g = -4*j + 18. Let u(c) = g*k(c) + r(c). What is the units digit of u(-3)?
5
Let b = 75 + -46. Suppose 4*t - 22 = -5*m, -4*m + b = -3*t - 1. What is the units digit of m?
6
Suppose 3*r + 9 = -0*r + 3*a, a - 6 = -2*r. Suppose 3 = -g + r, 4*x = 3*g + 38. What is the units digit of (-1)/4 - (-18)/x?
2
Suppose v - 3*v + 24 = 0. Let d = v - 4. What is the units digit of 57/12 - (-2)/d?
5
Suppose 0 = -4*z + 83 + 137. What is the tens digit of z?
5
Let k = 34 - 30. What is the units digit of k?
4
Suppose 3*w - 264 = 2*i, -5*w - 3*i + 5*i = -444. What is the tens digit of w?
9
Let z = 37 + -31. Let p(q) = 4*q**2 - q**3 + 3*q + 0*q**3 - 8 + 2*q**2. What is the units digit of p(z)?
0
Suppose 2 = 5*d - 2*g + 7, 0 = -d + 4*g - 19. What is the units digit of 5/((d - 3)/(-2))?
5
Let h(i) = -2*i + 3. Suppose z + 1 - 4 = 0. Let m be h(z). Let w = 2 - m. What is the units digit of w?
5
Let b = -4 - -7. Suppose -5*o + 7 = -b. What is the units digit of 48/9 + o/3?
6
Let a = -4 + 6. Let d(z) = 4*z + 11 - 3*z - a. What is the units digit of d(-7)?
2
Let u = 8 - 3. Suppose s - u*s + 44 = 0. What is the units digit of s?
1
Suppose 3*b + 3*r = -0*b, 5*b + 2*r = -6. Let o be (5 - 1) + (-2)/b. Suppose -i = -3*i - o*u + 25, 53 = 5*i + 3*u. What is the units digit of i?
0
Let a be 10 - -6*6/(-9). Let f(d) = d**2 - 3*d - 9. What is the units digit of f(a)?
9
Suppose 5*z + 5 = 5*p, 14 = z + 4*p - 10. Suppose 0 = f - 4*k + 6*k - 15, f + z*k - 11 = 0. What is the tens digit of 2 + f + 2*-1?
1
Suppose 0 = -5*a - 3*s - 18, 3*a + 4*s + 7 = -6. Let f(n) be the third derivative of -n**5/60 - n**4/6 - n**3/3 - 13*n**2. What is the units digit of f(a)?
1
Suppose -2*i = 3*i - 195. What is the tens digit of i?
3
Let d(j) = -25*j + 1. What is the tens digit of d(-4)?
0
Let h be (-600)/(-33) - (-6)/(-33). What is the units digit of (-4)/18 + 490/h?
7
What is the tens digit of 60/(-1)*90/(-15)?
6
Suppose -3*g - 2*j + 3 = -0, -6 = -3*g - j. Let n be -8 + (g - (1 + 0)). Let t = 7 + n. What is the units digit of t?
1
Suppose -3*p = -3*o + 207, o - p = -3*p + 54. What is the tens digit of o?
6
Let f(z) = -1 - 1 + 5 - 2*z. Let c(x) = -x**2 + 8*x - 10. Let s be c(7). What is the units digit of f(s)?
9
Let n = 157 - 108. What is the tens digit of n?
4
Let s(z) = -21*z - 36. What is the hundreds digit of s(-16)?
3
Let y be ((-6)/(-4))/((-3)/(-54)). Let t = -37 - -60. Suppose -5*l + t + y = 0. What is the units digit of l?
0
Let f be ((-4)/6)/((-4)/18). Suppose -28 = -3*z + 92. Suppose t - c = f*c + 10, z = 4*t - 4*c. What is the units digit of t?
0
Suppose -2*m + 5 = 1. Suppose -4*v - 47 = -7*v + 2*k, 2*k - 48 = -m*v. What is the tens digit of v?
1
Let j = 26 - -13. What is the units digit of j?
9
Let o(z) = z**3 + 3*z**2 + 3*z + 2. Let n be o(-2). Suppose -y - 1 = -n*r + 2*r, y - 5*r - 13 = 0. What is the units digit of y?
3
Suppose 5*t - 48 = -3*n, 0 = n - 1. Suppose -x = -1 - t. What is the units digit of x?
0
Let y(o) = 3*o**2 - 2*o - 2. Let f be y(2). Let q(l) = l**2 - 4*l - 7. What is the units digit of q(f)?
5
Let w = -3 - -6. Suppose -m - 12 = -3*j, -6*m = w*j - m + 6. Suppose -8 = -s - j*s. What is the units digit of s?
2
Suppose -4*w - 2*b = -10, -2*b + 4*b = -3*w + 8. Suppose 0 = 5*j + w*z - 0*z - 33, -4*j + 27 = z. What is the units digit of j?
7
Suppose 0 = -2*z - 3 - 5. Let x be (-2)/5 - z/10. Suppose k + 2*p - 4 = x, 0 = 5*k - 2*p - p - 20. What is the units digit of k?
4
Suppose -3*j = -321 - 819. What is the tens digit of j?
8
Let b(w) = w**3 - 10*w**2 + 11*w - 9. Let q be b(9). Let a be (-3)/((-3)/5) + 0. Suppose -q - 9 = -3*m + 5*h, -2*m - a*h = 13. What is the units digit of m?
1
What is the units digit of 5 + 45 - (1 - 0)?
9
Suppose v - 4 = -3*v. Let a be (0/3 + 0)/v. Let d = a + 6. What is the units digit of d?
6
Suppose -13 = -t - 2*v, -5*v + 71 = 5*t - v. Suppose 0 = -o + 6*o - t. Let r(k) = -k**3 + 4*k**2 - 4*k + 4. What is the units digit of r(o)?
1
Suppose 5*h - 228 - 282 = 0. What is the hundreds digit of h?
1
Suppose -5*t = q - 15, -2*q - 3 = -3*t + 2*t. Suppose 3*u + 5 - 26 = q. Suppose 0*f - u = -f. What is the units digit of f?
7
Suppose 0 = 2*q - 4 - 0. Suppose 0 = -q*r - 0*r + 3*h + 88, 2*r - 2*h = 92. What is the units digit of r?
0
What is the units digit of (-8)/14 - (-2838)/42?
7
Let o be (24/20)/((-2)/(-5)). Suppose g + 28 = o*g. What is the units digit of (-7)/g*(-26 + 0)?
3
Suppose -2*r - 140 = -3*j + 2*r, -2*r + 50 = j. What is the tens digit of j?
4
Let x(r) be the third derivative of 0*r - 1/6*r**3 + 1/120*r**6 + 0 + 1/8*r**4 + r**2 + 7/60*r**5. What is the tens digit of x(-6)?
1
Let r = -113 + 276. What is the units digit of r?
3
Let g(r) = 13*r**2 - 41*r + 37. Let b(q) = 9 - 4*q**2 - 10*q + q**2 + 2*q**2 + 4*q**2. Let x(v) = -9*b(v) + 2*g(v). What is the units digit of x(6)?
5
Suppose -43 = 4*v - 115. Suppose -2*d - k - 4*k = -v, -6 = 3*k. What is the units digit of d?
4
Let o(x) = -x**2 - 9*x - 6. Let u(h) = -h**2 + 1. Let i be u(-3). Let c be o(i). Let k(s) = 2*s**3 - 2*s**2 + 2*s + 1. What is the tens digit of k(c)?
1
Let q(m) = 26*m + 1. Let u be q(-1). What is the units digit of (-3)/6 + u/(-2)?
2
Suppose 0 = a + 4*a. Let b be 6 - 0/(a - -2). Suppose -21 = -b*t + 3*t. What is the units digit of t?
7
Let r(s) be the second derivative of -1/20*s**5 + 0 - 5*s**2 - 7/12*s**4 - 1/3*s**3 + s. What is the units digit of r(-7)?
4
Let w be 2*2*(-1)/(-4). Suppose -o = -2 - w. What is the units digit of o?
3
Suppose -5*r + 0*r = -10. Suppose r*k = 3*c + 50 + 22, -k + c = -3